{"id":10,"date":"2015-05-08T16:18:12","date_gmt":"2015-05-08T20:18:12","guid":{"rendered":"http:\/\/localhost\/audioconseil\/?page_id=10"},"modified":"2015-08-24T23:06:06","modified_gmt":"2015-08-25T03:06:06","slug":"nos-services","status":"publish","type":"page","link":"http:\/\/audioconseil.qc.ca\/index.php\/nos-services\/","title":{"rendered":"Nos services"},"content":{"rendered":"<h2 align=\"left\">Liste des services<\/h2>\n<ol>\n<ul>\n<li><a href=\"http:\/\/audioconseil.qc.ca\/index.php\/nos-services\/conventionnelle\/\">Adulte &amp; enfant de 5 ans et +<\/a> \/ Adult and child, over &amp; = to 5 yo<\/li>\n<li><a href=\"http:\/\/audioconseil.qc.ca\/index.php\/nos-services\/les-enfants\/\">Enfant de moins de 7 mois \u00e0 5 ans<\/a> \/ Child under 5 yo<\/li>\n<li><a href=\"http:\/\/audioconseil.qc.ca\/index.php\/nos-services\/audition-centrale\/\">Traitement auditif 7 ans et +<\/a> \/ Central auditory processing, over &amp; = 7 yo<\/li>\n<li>\u00c9valuation et suivi pour <a href=\"http:\/\/audioconseil.qc.ca\/index.php\/nos-services\/acouphene\/\">acouph\u00e8ne <\/a>\/ Tinnitus evaluation and follow-up<\/li>\n<li>\u00c9valuation et suivi pour <a href=\"http:\/\/audioconseil.qc.ca\/index.php\/nos-services\/acouphene\/\">intol\u00e9rance sonore<\/a> \/ Noise intolerance evaluation and follow-up<\/li>\n<li>\u00c9valuation CSST, SAAQ, Croix Bleue ou anciens combattants, etc. \/ CSST, SAAQ, Blue Cross or veterans evaluation<\/li>\n<li>\u00c9valuation <a href=\"http:\/\/audioconseil.qc.ca\/index.php\/nos-services\/industrie\/\">industrielle <\/a>\/ Industrial evaluation<\/li>\n<li>\u00c9valuation \u00e0 <a href=\"http:\/\/audioconseil.qc.ca\/index.php\/nos-services\/mobile\/\">domicile <\/a>\/ Home evaluation<\/li>\n<li>\u00c9valuation et suivi des <a href=\"http:\/\/audioconseil.qc.ca\/index.php\/nos-services\/equilibre\/\">vertiges, \u00e9tourdissements et perte d&rsquo;\u00e9quilibre <\/a>\/ Dizziness evaluation and follow-up<\/li>\n<li>Intervention sur divers sujets portant sur la sant\u00e9 auditive \/ Seminars on topics related to prevention of hearing loss<\/li>\n<\/ul>\n<\/ol>\n<p align=\"left\">Veuillez noter que tous nos services sont offerts en fran\u00e7ais, en anglais ou en langue sign\u00e9e qu\u00e9b\u00e9coise.<\/p>\n<p align=\"left\">Au plaisir de r\u00e9pondre \u00e0 vos besoins!<\/p>\n<p align=\"left\">Vous pouvez s\u00e9lectionner le service qui vous int\u00e9resse en cliquant sur les liens ci-dessus ou par le sous-menu de navigation.<\/p>\n","protected":false},"excerpt":{"rendered":"<p>Liste des services Adulte &amp; enfant de 5 ans et + \/ Adult and child, over &amp; = to 5 yo Enfant de moins de 7 mois \u00e0 5 ans \/ Child under 5 yo Traitement auditif 7 ans et + \/ Central auditory processing, over &amp; = 7 yo \u00c9valuation et suivi pour acouph\u00e8ne &hellip; <a href=\"http:\/\/audioconseil.qc.ca\/index.php\/nos-services\/\" class=\"more-link\">Continuer la lecture de <span class=\"screen-reader-text\">Nos services<\/span>  <span class=\"meta-nav\">&rarr;<\/span><\/a><\/p>\n","protected":false},"author":2,"featured_media":0,"parent":0,"menu_order":1,"comment_status":"closed","ping_status":"closed","template":"","meta":{"footnotes":""},"class_list":["post-10","page","type-page","status-publish","hentry"],"_links":{"self":[{"href":"http:\/\/audioconseil.qc.ca\/index.php\/wp-json\/wp\/v2\/pages\/10","targetHints":{"allow":["GET"]}}],"collection":[{"href":"http:\/\/audioconseil.qc.ca\/index.php\/wp-json\/wp\/v2\/pages"}],"about":[{"href":"http:\/\/audioconseil.qc.ca\/index.php\/wp-json\/wp\/v2\/types\/page"}],"author":[{"embeddable":true,"href":"http:\/\/audioconseil.qc.ca\/index.php\/wp-json\/wp\/v2\/users\/2"}],"replies":[{"embeddable":true,"href":"http:\/\/audioconseil.qc.ca\/index.php\/wp-json\/wp\/v2\/comments?post=10"}],"version-history":[{"count":3,"href":"http:\/\/audioconseil.qc.ca\/index.php\/wp-json\/wp\/v2\/pages\/10\/revisions"}],"predecessor-version":[{"id":143,"href":"http:\/\/audioconseil.qc.ca\/index.php\/wp-json\/wp\/v2\/pages\/10\/revisions\/143"}],"wp:attachment":[{"href":"http:\/\/audioconseil.qc.ca\/index.php\/wp-json\/wp\/v2\/media?parent=10"}],"curies":[{"name":"wp","href":"https:\/\/api.w.org\/{rel}","templated":true}]}}