{"id":14,"date":"2015-05-08T16:20:24","date_gmt":"2015-05-08T20:20:24","guid":{"rendered":"http:\/\/localhost\/audioconseil\/?page_id=14"},"modified":"2019-10-20T12:24:27","modified_gmt":"2019-10-20T16:24:27","slug":"coordonnees","status":"publish","type":"page","link":"http:\/\/audioconseil.qc.ca\/index.php\/coordonnees\/","title":{"rendered":"Coordonn\u00e9es"},"content":{"rendered":"\n<p>Cliquez sur la ville d\u00e9sir\u00e9e afin de voir la carte et cliquez sur \u00ab itin\u00e9raire \u00bb pour savoir comment vous rendre \u00e0 notre point de service.<\/p>\n\n\n\n<h2 class=\"wp-block-heading\">Mont\u00e9r\u00e9gie<\/h2>\n\n\n\n<ul class=\"wp-block-list\"><li><a rel=\"noopener noreferrer\" href=\"https:\/\/www.google.ca\/maps\/place\/60+Boulevard+Marie-Victorin,+Candiac,+QC+J5R+1B6\/@45.400415,-73.5253695,17z\/data=!3m1!4b1!4m5!3m4!1s0x4cc90e71afa1bd4f:0x405cd312e3ae6a1e!8m2!3d45.400415!4d-73.5231808?hl=fr\" target=\"_blank\">Candiac<\/a> : 60 boul Marie-Victorin, J5B 1A9, (514) 375-3990<\/li><li><a rel=\"noopener noreferrer\" href=\"https:\/\/www.google.ca\/maps\/place\/2984+Boulevard+Taschereau,+Greenfield+Park,+QC+J4V+2G9\/@45.4985938,-73.4890293,17z\/data=!3m1!4b1!4m5!3m4!1s0x4cc90525fda1b421:0xb636a94ffa5f8555!8m2!3d45.4985938!4d-73.4868406?hl=fr\" target=\"_blank\">Greenfield Park<\/a>, Clinique Azur : 2984, boul Tashcereau, 2e \u00e9tage salle 1, J4V 2G9, (514) &#8211; 980-4531<\/li><li><span id=\"yui_3_16_0_ym19_1_1483992020336_9479\"><a rel=\"noopener noreferrer\" href=\"https:\/\/www.google.ca\/maps\/place\/228+Rue+Sainte-Marie,+La+Prairie,+QC+J5R+1G2\/@45.4201953,-73.4982554,17z\/data=!3m1!4b1!4m5!3m4!1s0x4cc90e564cc4e661:0xd443b52c2074ca1f!8m2!3d45.4201953!4d-73.4960667?hl=fr\" target=\"_blank\">La Prairie<\/a> : 228, rue Ste-Marie, #<\/span> 203<span id=\"yui_3_16_0_ym19_1_1483992020336_9479\">, (450) 695-3233<\/span><\/li><li><a rel=\"noopener noreferrer\" href=\"https:\/\/www.google.ca\/maps\/place\/743+Rue+Sherbrooke,+Magog,+QC+J1X+2S8\/@45.27041,-72.142825,17z\/data=!3m1!4b1!4m5!3m4!1s0x4cb637ef3853b755:0x3492f7c93657767b!8m2!3d45.27041!4d-72.1406363?hl=fr\" target=\"_blank\"> Magog<\/a> : 743, rue Sherbrooke, (819) 847-2244.<\/li><li><a rel=\"noopener noreferrer\" href=\"http:\/\/maps.google.ca\/maps?f=q&amp;source=s_q&amp;hl=fr&amp;geocode=&amp;q=227,+chemin+Ste-Catherine,+st-constant&amp;sll=45.26604,-72.146365&amp;sspn=0.008367,0.013797&amp;ie=UTF8&amp;hq=&amp;hnear=227+Rue+Sainte+Catherine,+Saint-Constant,+Roussillon,+Qu%C3%A9bec&amp;z=16\" target=\"_blank\"> St-Constant<\/a> : 227, chemin Ste-Catherine, # 205, (450) 632-4666.<\/li><li><a rel=\"noopener noreferrer\" href=\"http:\/\/maps.google.ca\/maps?f=q&amp;source=s_q&amp;hl=fr&amp;geocode=&amp;q=230+Rue+Champlain,+St-Jean-sur-Richelieu,+Qu%C3%A9bec&amp;sll=45.307181,-73.252301&amp;sspn=0.008361,0.013797&amp;ie=UTF8&amp;hq=&amp;hnear=230+Rue+Champlain,+Saint-Jean-sur-Richelieu,+Le+Haut-Richelieu,+Qu%C3%A9bec&amp;z=16\" target=\"_blank\"> St-Jean-sur-Richelieu<\/a> <span style=\"color: #ff0000;\">*<\/span>: 230, rue Champlain, #5, sans frais (844) 741-1060, ou (450) 741-1060.<\/li><\/ul>\n\n\n\n<p><span style=\"color: #ff0000;\">*<\/span> \u00c9valuation et traitement pour probl\u00e8mes d&rsquo;\u00e9quilibre, \u00e9tourdissements et vertiges disponible.<\/p>\n\n\n\n<h2 class=\"wp-block-heading\">Montr\u00e9al<\/h2>\n\n\n\n<ul class=\"wp-block-list\"><li><span id=\"yui_3_16_0_1_1440642612394_2485\"><a href=\"https:\/\/www.google.ca\/maps\/place\/3115+Rue+Victoria,+Lachine,+QC+H8S+1Z4\/@45.4364873,-73.6907089,17z\/data=!3m1!4b1!4m2!3m1!1s0x4cc9168cae695b93:0xae9277cb2f41f627?hl=fr\" target=\"_blank\" rel=\"noopener noreferrer\">Lachine<\/a> : 3115 rue Victoria , <span id=\"yui_3_16_0_1_1440642612394_2539\">(514) 538-3304<\/span>.<\/span><\/li><li><a href=\"http:\/\/maps.google.ca\/maps?f=q&amp;source=s_q&amp;hl=fr&amp;geocode=&amp;q=1771,+avenue+Dollard,+lasalle&amp;sll=45.439498,-73.644582&amp;sspn=0.008341,0.013797&amp;g=4475+R1771,+avenue+Dollard,+lasalle&amp;ie=UTF8&amp;hq=&amp;hnear=1771+Avenue+Dollard,+LaSalle,+Communaut%C3%A9-Urbaine-de-Montr%C3%A9al,+Qu%C3%A9bec+H8N+1T9&amp;ll=45.42719,-73.629513&amp;spn=0.033371,0.055189&amp;z=14\" target=\"_blank\" rel=\"noopener noreferrer\">LaSalle<\/a> : 1771, avenue Dollard, #214, (514) 503-8520.<\/li><li><a href=\"https:\/\/www.google.ca\/maps\/place\/1851+Rue+Sherbrooke+E,+Montr%C3%A9al,+QC+H2K+4L5\/@45.5287923,-73.5661639,17z\/data=!3m1!4b1!4m5!3m4!1s0x4cc91bc75b7f1613:0x40830e0f0e3324b!8m2!3d45.5287923!4d-73.5639752?hl=fr\" target=\"_blank\" rel=\"noopener noreferrer\"> Plateau Mont-Royal<\/a> : 1851, Sherbrooke Est, #702, H2K 4L5, (514) 546-9898.<\/li><li><a href=\"http:\/\/maps.google.ca\/maps?q=4750+Rue+Jarry+Est,+Saint-L%C3%A9onard,+QC&amp;hl=fr&amp;ie=UTF8&amp;sll=53.796105,-68.44248&amp;sspn=31.903087,56.513672&amp;oq=4750,+rue+Jarry+Est,+&amp;hnear=4750+Rue+Jarry+Est,+Saint-Leonard,+Qu%C3%A9bec+H1R+3G1&amp;t=m&amp;z=16\" target=\"_blank\" rel=\"noopener noreferrer\"> St-L\u00e9onard<\/a> : 4750, rue Jarry Est, #204 bureau 149, (514) 503-8520.<\/li><li><a href=\"http:\/\/maps.google.ca\/maps?f=q&amp;source=s_q&amp;hl=fr&amp;geocode=&amp;q=4475+Rue+Bannantyne,+Verdun,+Qu%C3%A9bec&amp;sll=45.530609,-73.576659&amp;sspn=0.008328,0.013797&amp;g=230+1374,+avenue+Mont-Royal+Est,++montr%C3%A9al&amp;ie=UTF8&amp;hq=&amp;hnear=4475+Rue+Bannantyne,+Verdun,+Communaut%C3%A9-Urbaine-de-Montr%C3%A9al,+Qu%C3%A9bec+H4G+1E1&amp;ll=45.457,-73.581791&amp;spn=0.066708,0.110378&amp;z=13\" target=\"_blank\" rel=\"noopener noreferrer\"> Verdun<\/a> : 4475 rue Bannantyne, #24, (514) 503-8520.<\/li><li><a href=\"https:\/\/www.google.ca\/maps\/place\/2529+Rue+Allard,+Montr%C3%A9al,+QC+H4E+2L4\/@45.4511415,-73.5948648,17z\/data=!3m1!4b1!4m2!3m1!1s0x4cc910faa4843db9:0xc6ac99ad96a0b9bd?hl=fr\" target=\"_blank\" rel=\"noopener noreferrer\">Ville \u00c9mard<\/a> : 2529, rue Allard, 514-503-8520<\/li><li><a href=\"https:\/\/www.google.ca\/maps\/place\/4479+Rue+Sainte-Catherine+O,+Westmount,+QC+H3Z+1R6\/@45.4814314,-73.5953928,17z\/data=!3m1!4b1!4m5!3m4!1s0x4cc91a0abe942487:0xa0dc676f8721c585!8m2!3d45.4814314!4d-73.5932041?hl=fr\" target=\"_blank\" rel=\"noopener noreferrer\">Westmount<\/a> : 4479 Ste-Catherine Ouest, H3Z 1R6, (514) 931-4555<\/li><\/ul>\n\n\n\n<h2 class=\"wp-block-heading\">Nord&nbsp;de&nbsp;Montr\u00e9al<\/h2>\n\n\n\n<ul class=\"wp-block-list\"><li><a href=\"http:\/\/maps.google.ca\/maps?f=q&amp;source=s_q&amp;hl=fr&amp;geocode=&amp;q=610,+boulevard+Cur%C3%A9-Labelle,+laval&amp;sll=45.537063,-73.742093&amp;sspn=0.008327,0.013797&amp;ie=UTF8&amp;hq=&amp;hnear=610+Boulevard+Cur%C3%A9-Labelle+%28South%29,+Laval,+Qu%C3%A9bec+H7V+2T7&amp;ll=45.537377,-73.743238&amp;spn=0.033306,0.055189&amp;z=14\" target=\"_blank\" rel=\"noopener noreferrer\"> Laval<\/a> : 610, boulevard Cur\u00e9-Labelle, #17, (514) 503-6647.<\/li><\/ul>\n\n\n\n<p>Vous pouvez \u00e9galement nous joindre par <a href=\"mailto:info@audioconseil.qc.ca\" target=\"_blank\" rel=\"noopener noreferrer\">courriel<\/a> <!-- ou par GOrendezvous. <div data-professionalpagename=\"\" data-bookingwidgeturlparams=\"companyId=105186\" data-language=\"fr\" data-label=\"Prendre un rendez-vous\" data-url=\"https:\/\/www.gorendezvous.com\/\" class=\"gorendezvous-button\" data-buttoncolor=\"GOrendezvous\" data-width=\"undefined\" data-height=\"undefined\"><a href=\"https:\/\/www.gorendezvous.com\/homepage\/105186?companyId=105186\" target=\"GOrendezvous\" rel=\"noopener noreferrer\">GOrendezvous<\/a><\/div>\n<script>!function (d, s) { var js, sid = \"gorendezvous-bookingwidget-script\"; var sEl = d.getElementById(sid); if(sEl) { sEl.parentNode.removeChild(sEl); } js = d.createElement(s); js.id = sid; js.src = \"https:\/\/www.gorendezvous.com\/Scripts\/gorendezvous.bookingWidgetV2.min.js?v=\" + (Math.floor(new Date().getTime()\/(1000*60*30))*(1000*60*30)).toString(); d.body.appendChild(js); } (document, \"script\");<\/script>\n<\/p> -->\n<\/p>\n\n\n\n<p>Note: Merci de faire la prise et la confirmation de rendez-vous par t\u00e9l\u00e9phone dans la mesure du possible.<\/p>\n","protected":false},"excerpt":{"rendered":"<p>Cliquez sur la ville d\u00e9sir\u00e9e afin de voir la carte et cliquez sur \u00ab itin\u00e9raire \u00bb pour savoir comment vous rendre \u00e0 notre point de service. Mont\u00e9r\u00e9gie Candiac : 60 boul Marie-Victorin, J5B 1A9, (514) 375-3990 Greenfield Park, Clinique Azur : 2984, boul Tashcereau, 2e \u00e9tage salle 1, J4V 2G9, (514) &#8211; 980-4531 La Prairie &hellip; <a href=\"http:\/\/audioconseil.qc.ca\/index.php\/coordonnees\/\" class=\"more-link\">Continuer la lecture de <span class=\"screen-reader-text\">Coordonn\u00e9es<\/span>  <span class=\"meta-nav\">&rarr;<\/span><\/a><\/p>\n","protected":false},"author":2,"featured_media":0,"parent":0,"menu_order":2,"comment_status":"closed","ping_status":"closed","template":"","meta":{"footnotes":""},"class_list":["post-14","page","type-page","status-publish","hentry"],"_links":{"self":[{"href":"http:\/\/audioconseil.qc.ca\/index.php\/wp-json\/wp\/v2\/pages\/14","targetHints":{"allow":["GET"]}}],"collection":[{"href":"http:\/\/audioconseil.qc.ca\/index.php\/wp-json\/wp\/v2\/pages"}],"about":[{"href":"http:\/\/audioconseil.qc.ca\/index.php\/wp-json\/wp\/v2\/types\/page"}],"author":[{"embeddable":true,"href":"http:\/\/audioconseil.qc.ca\/index.php\/wp-json\/wp\/v2\/users\/2"}],"replies":[{"embeddable":true,"href":"http:\/\/audioconseil.qc.ca\/index.php\/wp-json\/wp\/v2\/comments?post=14"}],"version-history":[{"count":19,"href":"http:\/\/audioconseil.qc.ca\/index.php\/wp-json\/wp\/v2\/pages\/14\/revisions"}],"predecessor-version":[{"id":223,"href":"http:\/\/audioconseil.qc.ca\/index.php\/wp-json\/wp\/v2\/pages\/14\/revisions\/223"}],"wp:attachment":[{"href":"http:\/\/audioconseil.qc.ca\/index.php\/wp-json\/wp\/v2\/media?parent=14"}],"curies":[{"name":"wp","href":"https:\/\/api.w.org\/{rel}","templated":true}]}}