{"id":18,"date":"2015-05-08T16:29:10","date_gmt":"2015-05-08T20:29:10","guid":{"rendered":"http:\/\/localhost\/audioconseil\/?page_id=18"},"modified":"2015-08-24T22:24:12","modified_gmt":"2015-08-25T02:24:12","slug":"conventionnelle","status":"publish","type":"page","link":"https:\/\/audioconseil.qc.ca\/index.php\/nos-services\/conventionnelle\/","title":{"rendered":"Conventionnelle"},"content":{"rendered":"<h1>Clinique conventionnelle<\/h1>\n<p>De concert avec divers intervenants en sant\u00e9 auditive, <strong>Audio Conseil<\/strong> offre une gamme compl\u00e8te de services cliniques audiologiques adapt\u00e9s \u00e0 diff\u00e9rentes client\u00e8les.\u00a0 Nous offrons les services de mesures de l\u2019acuit\u00e9 auditive, de l\u2019\u00e9valuation et du soutien \u00e0 la personne pr\u00e9sentant un probl\u00e8me d&rsquo;audition ainsi qu&rsquo;\u00e0 son entourage dans le cadre d\u2019une intervention de premi\u00e8re ligne.\u00a0 Sur demande et moyennant des frais suppl\u00e9mentaires, il est possible d&rsquo;obtenir un d\u00e9pistage auditif \u00e0 domicile pour les clients dont le d\u00e9placement \u00e0 la clinique n&rsquo;est pas possible.\u00a0 \u00c0 noter; la plupart de nos locaux sont accessibles aux personnes \u00e0 mobilit\u00e9 r\u00e9duite.<\/p>\n<p>Nos services sont complets, rapides et abordables. Nous offrons aussi un acc\u00e8s aux programmes d&rsquo;aides auditives et des aides de suppl\u00e9ance \u00e0 l&rsquo;audition de la R\u00e9gie de l&rsquo;Assurance Maladie du Qu\u00e9bec. Nous sommes des distributeurs accr\u00e9dit\u00e9s par le programme des Anciens Combattants du Canada, de la SAAQ, de l\u2019IVAC et de la CSST. De plus, l&rsquo;ensemble de nos services sont couverts par la plupart des r\u00e9gimes d&rsquo;assurance priv\u00e9s. Pour plus d&rsquo;information, n&rsquo;h\u00e9sitez pas \u00e0 communiquer avec nous !<\/p>\n","protected":false},"excerpt":{"rendered":"<p>Clinique conventionnelle De concert avec divers intervenants en sant\u00e9 auditive, Audio Conseil offre une gamme compl\u00e8te de services cliniques audiologiques adapt\u00e9s \u00e0 diff\u00e9rentes client\u00e8les.\u00a0 Nous offrons les services de mesures de l\u2019acuit\u00e9 auditive, de l\u2019\u00e9valuation et du soutien \u00e0 la personne pr\u00e9sentant un probl\u00e8me d&rsquo;audition ainsi qu&rsquo;\u00e0 son entourage dans le cadre d\u2019une intervention de &hellip; <a href=\"https:\/\/audioconseil.qc.ca\/index.php\/nos-services\/conventionnelle\/\" class=\"more-link\">Continuer la lecture de <span class=\"screen-reader-text\">Conventionnelle<\/span>  <span class=\"meta-nav\">&rarr;<\/span><\/a><\/p>\n","protected":false},"author":2,"featured_media":0,"parent":10,"menu_order":0,"comment_status":"closed","ping_status":"closed","template":"","meta":{"footnotes":""},"class_list":["post-18","page","type-page","status-publish","hentry"],"_links":{"self":[{"href":"https:\/\/audioconseil.qc.ca\/index.php\/wp-json\/wp\/v2\/pages\/18","targetHints":{"allow":["GET"]}}],"collection":[{"href":"https:\/\/audioconseil.qc.ca\/index.php\/wp-json\/wp\/v2\/pages"}],"about":[{"href":"https:\/\/audioconseil.qc.ca\/index.php\/wp-json\/wp\/v2\/types\/page"}],"author":[{"embeddable":true,"href":"https:\/\/audioconseil.qc.ca\/index.php\/wp-json\/wp\/v2\/users\/2"}],"replies":[{"embeddable":true,"href":"https:\/\/audioconseil.qc.ca\/index.php\/wp-json\/wp\/v2\/comments?post=18"}],"version-history":[{"count":1,"href":"https:\/\/audioconseil.qc.ca\/index.php\/wp-json\/wp\/v2\/pages\/18\/revisions"}],"predecessor-version":[{"id":132,"href":"https:\/\/audioconseil.qc.ca\/index.php\/wp-json\/wp\/v2\/pages\/18\/revisions\/132"}],"up":[{"embeddable":true,"href":"https:\/\/audioconseil.qc.ca\/index.php\/wp-json\/wp\/v2\/pages\/10"}],"wp:attachment":[{"href":"https:\/\/audioconseil.qc.ca\/index.php\/wp-json\/wp\/v2\/media?parent=18"}],"curies":[{"name":"wp","href":"https:\/\/api.w.org\/{rel}","templated":true}]}}