{"id":27,"date":"2015-05-08T16:35:10","date_gmt":"2015-05-08T20:35:10","guid":{"rendered":"http:\/\/localhost\/audioconseil\/?page_id=27"},"modified":"2015-10-18T18:18:02","modified_gmt":"2015-10-18T22:18:02","slug":"acouphene","status":"publish","type":"page","link":"https:\/\/audioconseil.qc.ca\/index.php\/nos-services\/acouphene\/","title":{"rendered":"Acouph\u00e8ne"},"content":{"rendered":"<h1>\u00c9valuation pour acouph\u00e8ne et diff\u00e9rentes formes d\u2019intol\u00e9rance sonore.<\/h1>\n<p>L\u2019intervention \u00e0 privil\u00e9gier pour aider la personne pr\u00e9sentant ce type de difficult\u00e9 repose sur une \u00e9valuation de trois heures et demi ainsi que des questionnaires.\u00a0 Ces questionnaires doivent \u00eatre pr\u00e9alablement remplis \u00e0 l\u2019encre bleue pour cibler les moyens les plus pertinents pour vous aider \u00e0 g\u00e9rer un acouph\u00e8ne d\u00e9rangeant et de l\u2019intol\u00e9rance au bruit.\u00a0 Un des moyens \u00e0 notre disposition est la Th\u00e9rapie d&rsquo;Habituation \u00e0 l&rsquo;Acouph\u00e8ne (THA) aussi connue sous le nom du Tinnitus Retraining Therapy (TRT).\u00a0 Cette th\u00e9rapie, \u00e9labor\u00e9e aux \u00c9tats-Unis, donne de tr\u00e8s bons r\u00e9sultats cliniques (80-90% de succ\u00e8s) chez des personnes souffrant d&rsquo;un acouph\u00e8ne ou de l\u2019intol\u00e9rance au bruit. D\u2019autres moyens sont \u00e9galement \u00e0 notre disposition. Par exemple, le port d\u2019appareils auditifs, un g\u00e9n\u00e9rateur de table, de l\u2019information, les strat\u00e9gies cognitives, les techniques de relaxation sont \u00e9galement pertinents \u00e0 envisager et peuvent \u00eatre tr\u00e8s efficaces.<\/p>\n<h3>Comment traite-t-on les acouph\u00e8nes et l\u2019intol\u00e9rance au bruit?<\/h3>\n<p>Le traitement visant \u00e0 diminuer les situations difficiles associ\u00e9es \u00e0 la pr\u00e9sence d&rsquo;un acouph\u00e8ne ou de l\u2019intol\u00e9rance est bas\u00e9 sur un mod\u00e8le neurophysiologique \u00e9labor\u00e9 principalement par le Dr Pavel Jastreboff de l&rsquo;Universit\u00e9 du Maryland et par le Dr Jonathan Hazel du University College de Londres ainsi que les connaissances sur le syst\u00e8me auditif.<\/p>\n<h3>Que veut dire th\u00e9rapie des acouph\u00e8nes et l\u2019intol\u00e9rance au bruit?<\/h3>\n<p>Tous les clients qui ont b\u00e9n\u00e9fici\u00e9 de l\u2019intervention peuvent toujours percevoir leur acouph\u00e8ne lorsqu\u2019ils se concentrent sur celui-ci. Toutefois, avec les diff\u00e9rents moyens propos\u00e9s le client n&rsquo;est plus d\u00e9rang\u00e9 par l\u2019acouph\u00e8ne. Pour l\u2019intol\u00e9rance au bruit, elle est diminu\u00e9e et, dans la plupart des cas, la g\u00eane associ\u00e9e aux bruits devient normale.<\/p>\n<h3>Ce traitement entra\u00eene-t-il des effets secondaires?<\/h3>\n<p>Non, il n&rsquo;y a pas d&rsquo;effet secondaire au traitement.<\/p>\n<h3>Quels types de tests auditifs sont r\u00e9alis\u00e9s?\u00a0 Des douleurs aux oreilles sont-elles ressenties?\u00a0 Qu&rsquo;arrive-t-il si l&rsquo;acouph\u00e8ne n&rsquo;est pas perceptible lors de l&rsquo;examen?<\/h3>\n<p>Les tests incluent un audiogramme et d&rsquo;autres \u00e9valuations sp\u00e9cifiques permettant de d\u00e9terminer les caract\u00e9ristiques de l&rsquo;acouph\u00e8ne ou de l\u2019intol\u00e9rance au bruit.\u00a0 Le test ne suscite aucune douleur. De plus, l&rsquo;absence de l&rsquo;acouph\u00e8ne lors de la rencontre n&rsquo;influencera pas les chances de r\u00e9ussite du traitement.<\/p>\n<h3>Un audiogramme effectu\u00e9 dans une autre clinique peut-il servir?<\/h3>\n<p>Oui et non. Nous pr\u00e9f\u00e9rons \u00e9valuer nos clients selon nos propres tests d&rsquo;audition car nous effectuons des mesures pr\u00e9cises qui ne figurent pas lors des tests d&rsquo;audition habituels. Toutefois, il est pertinent de nous fournir une photocopie de vos \u00e9valuations audiologiques ant\u00e9rieures.<\/p>\n<h3>Quelle est la fonction des sons de l&rsquo;environnement?<\/h3>\n<p>Les sons provenant entre autres de la radio ou de la t\u00e9l\u00e9vision peuvent \u00eatre utilis\u00e9s dans le quotidien, non pas pour couvrir l\u2019acouph\u00e8ne mais diminuer sa saillance et ainsi provoquer des changements de fonctionnement dans la partie subconsciente du cerveau. Ainsi, les sons de l&rsquo;environnement r\u00e9duisent le contraste entre l&rsquo;acouph\u00e8ne et le silence complet, en plus de distraire le patient du son de son acouph\u00e8ne. L\u2019enrichissement sonore est \u00e9galement efficace pour traiter l\u2019intol\u00e9rance au bruit.<\/p>\n<h3>Est-il possible d&rsquo;acheter un ou deux g\u00e9n\u00e9rateurs sans s&rsquo;impliquer dans un suivi th\u00e9rapeutique?<\/h3>\n<p>Certains instruments servent \u00e0 acc\u00e9l\u00e9rer le processus d&rsquo;habituation mais ce qui importe le plus c&rsquo;est l&rsquo;utilisation que le client en fera. Les \u00e9tudes ont d\u00e9montr\u00e9 que l&rsquo;utilisation seule de l&rsquo;instrument s&rsquo;av\u00e8re tr\u00e8s peu efficace.<\/p>\n<h3>L&rsquo;utilisation d&rsquo;un appareil auditif peut-il nuire au traitement?<\/h3>\n<p>Non.\u00a0 Il se peut que le client n&rsquo;utilise que son appareil auditif et ne soit pas tenu de se procurer un g\u00e9n\u00e9rateur de bruit.<\/p>\n<h3>Quelle est la diff\u00e9rence entre un masqueur et les g\u00e9n\u00e9rateurs de bruit blanc?<\/h3>\n<p>Bien que dans certains cas l&rsquo;utilisation de masqueurs puisse apporter un soulagement, cette approche tend \u00e0 rendre les acouph\u00e8nes inaudibles de sorte que lorsque l&rsquo;appareil est enlev\u00e9, les acouph\u00e8nes reviennent et le niveau du son requis pour les masquer peut devenir g\u00eanant et m\u00eame augmenter. Nous n&rsquo;utilisons pas les appareils pour couvrir les acouph\u00e8nes; au contraire les instruments employ\u00e9s produisent des sons qui ne couvriront que partiellement l&rsquo;acouph\u00e8ne. Le but des rencontres est d&rsquo;habituer le cerveau \u00e0 l&rsquo;acouph\u00e8ne et pour ce faire, nous ne devons donc pas le couvrir. Produire des sons qui seront m\u00eal\u00e9s \u00e0 l&rsquo;acouph\u00e8ne aidera le client \u00e0 se sentir plus confortable et \u00e9liminera les effets n\u00e9gatifs de l&rsquo;acouph\u00e8ne.<\/p>\n<h3>Une personne sourde peut-elle b\u00e9n\u00e9ficier d\u2019une \u00e9valuation?<\/h3>\n<p>Si le client est compl\u00e8tement sourd et qu&rsquo;il ne poss\u00e8de pas d\u2019appareils auditifs ou d&rsquo;implant cochl\u00e9aire, l\u2019\u00e9valuation est alors possible mais les moyens et outils \u00e0 notre port\u00e9e sont plus limit\u00e9s.<\/p>\n<h3>La m\u00e9dication peut-elle nuire au traitement?<\/h3>\n<p>L&rsquo;\u00e9valuation m\u00e9dicale nous permettra de r\u00e9pondre correctement \u00e0 cette question. En g\u00e9n\u00e9ral, si les m\u00e9dicaments sont pris pour un probl\u00e8me autre que celui de l&rsquo;acouph\u00e8ne ou de l\u2019intol\u00e9rance au bruit, il n&rsquo;y a pas de raison d&rsquo;en cesser l&rsquo;usage.<\/p>\n<hr \/>\n<h1>Vous avez pris un rendez-vous?<\/h1>\n<p>Veuillez alors remplir notre <a href=\"http:\/\/audioconseil.qc.ca\/wp-content\/uploads\/2015\/10\/questionnaireAcouph\u00e8ne.pdf\" target=\"_blank\">questionnaire Acouph\u00e8ne<\/a>.\u00a0 Assurez-vous qu&rsquo;il soit rempli <em><strong>\u00e0 l\u2019encre bleue<\/strong><\/em> et remis \u00e0 l&rsquo;audiologiste lors de la rencontre.<b><br \/>\n<\/b><\/p>\n<hr \/>\n<p>Pour plus d&rsquo;information, vous pouvez consulter l&rsquo;article intitul\u00e9 : \u00ab\u00a0Que pouvez-vous me conseiller pour soulager mon acouph\u00e8ne?\u00a0\u00bb <a href=\"http:\/\/www.fmoq.org\/Documents\/MedecinDuQuebec\/octobre-2001\/079-086LeMonday1001.pdf\">M\u00e9decin du Qu\u00e9bec<\/a> <small>(Reproduction autoris\u00e9e);<\/small><\/p>\n","protected":false},"excerpt":{"rendered":"<p>\u00c9valuation pour acouph\u00e8ne et diff\u00e9rentes formes d\u2019intol\u00e9rance sonore. L\u2019intervention \u00e0 privil\u00e9gier pour aider la personne pr\u00e9sentant ce type de difficult\u00e9 repose sur une \u00e9valuation de trois heures et demi ainsi que des questionnaires.\u00a0 Ces questionnaires doivent \u00eatre pr\u00e9alablement remplis \u00e0 l\u2019encre bleue pour cibler les moyens les plus pertinents pour vous aider \u00e0 g\u00e9rer un &hellip; <a href=\"https:\/\/audioconseil.qc.ca\/index.php\/nos-services\/acouphene\/\" class=\"more-link\">Continuer la lecture de <span class=\"screen-reader-text\">Acouph\u00e8ne<\/span>  <span class=\"meta-nav\">&rarr;<\/span><\/a><\/p>\n","protected":false},"author":2,"featured_media":0,"parent":10,"menu_order":3,"comment_status":"closed","ping_status":"closed","template":"","meta":{"footnotes":""},"class_list":["post-27","page","type-page","status-publish","hentry"],"_links":{"self":[{"href":"https:\/\/audioconseil.qc.ca\/index.php\/wp-json\/wp\/v2\/pages\/27","targetHints":{"allow":["GET"]}}],"collection":[{"href":"https:\/\/audioconseil.qc.ca\/index.php\/wp-json\/wp\/v2\/pages"}],"about":[{"href":"https:\/\/audioconseil.qc.ca\/index.php\/wp-json\/wp\/v2\/types\/page"}],"author":[{"embeddable":true,"href":"https:\/\/audioconseil.qc.ca\/index.php\/wp-json\/wp\/v2\/users\/2"}],"replies":[{"embeddable":true,"href":"https:\/\/audioconseil.qc.ca\/index.php\/wp-json\/wp\/v2\/comments?post=27"}],"version-history":[{"count":3,"href":"https:\/\/audioconseil.qc.ca\/index.php\/wp-json\/wp\/v2\/pages\/27\/revisions"}],"predecessor-version":[{"id":160,"href":"https:\/\/audioconseil.qc.ca\/index.php\/wp-json\/wp\/v2\/pages\/27\/revisions\/160"}],"up":[{"embeddable":true,"href":"https:\/\/audioconseil.qc.ca\/index.php\/wp-json\/wp\/v2\/pages\/10"}],"wp:attachment":[{"href":"https:\/\/audioconseil.qc.ca\/index.php\/wp-json\/wp\/v2\/media?parent=27"}],"curies":[{"name":"wp","href":"https:\/\/api.w.org\/{rel}","templated":true}]}}