{"id":33,"date":"2015-05-08T16:37:50","date_gmt":"2015-05-08T20:37:50","guid":{"rendered":"http:\/\/localhost\/audioconseil\/?page_id=33"},"modified":"2019-10-20T11:18:17","modified_gmt":"2019-10-20T15:18:17","slug":"equilibre","status":"publish","type":"page","link":"https:\/\/audioconseil.qc.ca\/index.php\/nos-services\/equilibre\/","title":{"rendered":"\u00c9quilibre"},"content":{"rendered":"<h1>SERVICES VESTIBULAIRES: Troubles d\u2019\u00e9quilibre, Vertiges ou \u00c9tourdissements<\/h1>\n<p align=\"left\">Depuis le 20 janvier 2014,\u00a0madame Annie Collerette, audiologiste form\u00e9e aux \u00c9tats-Unis par le Dr Gans, offre un nouveau service dans au point de services de\u00a0<b><a href=\"https:\/\/www.google.ca\/maps?f=q&amp;source=s_q&amp;hl=fr&amp;geocode&amp;q=230+Rue+Champlain,+St-Jean-sur-Richelieu,+Qu%C3%A9bec&amp;sll=45.307181,-73.252301&amp;sspn=0.008361,0.013797&amp;ie=UTF8&amp;hq&amp;hnear=230+Rue+Champlain,+Saint-Jean-sur-Richelieu,+Le+Haut-Richelieu,+Qu%C3%A9bec&amp;z=16\" target=\"_blank\" rel=\"noopener noreferrer\">St-Jean-sur-Richelieu<\/a><\/b> (450-741-1060) ou dans les autres points de services sur demande. Il s&rsquo;agit de l&rsquo;\u00e9valuation et la r\u00e9adaptation des <b>probl\u00e8mes de vertiges, d&rsquo;\u00e9quilibre et d\u2019\u00e9tourdissements<\/b>. Il est important de noter que les co\u00fbts de l&rsquo;\u00e9valuation et de la r\u00e9adaptation sont moindres que ceux propos\u00e9s en priv\u00e9 \u00e0 Montr\u00e9al<\/p>\n<ul>\n<li style=\"list-style-type: none;\">\n<ul>\n<li>L&rsquo;\u00e9valuation au co\u00fbt de 225$ permet de d\u00e9terminer si les sympt\u00f4mes sont d&rsquo;origine vestibulaire, centrale ou motrice. Le b\u00e9n\u00e9ficiaire est dirig\u00e9 pour obtenir des services r\u00e9pondant \u00e0 ses besoins<\/li>\n<li>Si l&rsquo;atteinte est vestibulaire, nous offrons un <strong>suivi de r\u00e9adaptation au co\u00fbt de 75$ par rencontre<\/strong> d&rsquo;une dur\u00e9e de 45 minutes.<\/li>\n<\/ul>\n<\/li>\n<\/ul>\n<h2>Indices d\u2019un probl\u00e8me vestibulaire<\/h2>\n<p>Avez-vous\u2026<\/p>\n<ul>\n<li>Une histoire de chutes?<\/li>\n<li>De la difficult\u00e9 \u00e0 garder votre \u00e9quilibre?<\/li>\n<li>Des vertiges?<\/li>\n<li>L\u2019impression que vous tournez ou que le monde autour de vous tourne?<\/li>\n<li>Une sensation que votre corps est en mouvement, en rotation ou peur de tomber lorsque vous bougez rapidement la t\u00eate?<\/li>\n<\/ul>\n<h2>Mythes et r\u00e9alit\u00e9s sur les vertiges \/ \u00e9tourdissements \/ chutes<\/h2>\n<h3>Mythes<\/h3>\n<ul>\n<li>Les patients \u00e9tourdis vont habituellement mieux avec le temps;<\/li>\n<li>L\u2019IRM est normal, alors ce n\u2019est pas si s\u00e9rieux;<\/li>\n<li>La migraine ne cause pas de vertiges;<\/li>\n<li>Les personnes \u00e2g\u00e9es tombent, il n\u2019y a rien \u00e0 faire pour les aider.<\/li>\n<\/ul>\n<h3>R\u00e9alit\u00e9s<\/h3>\n<ul>\n<li>Le NIH* rapporte que les sympt\u00f4mes peuvent perdurer pendant des mois, m\u00eame des ann\u00e9es apr\u00e8s une labyrinthite;<\/li>\n<li>Selon l\u2019H\u00f4pital Universitaire John Hopkins, 85% des vertiges et \u00e9tourdissements sont caus\u00e9s par un probl\u00e8me dans l\u2019oreille interne;<\/li>\n<li>25% des gens souffrant de migraine rapportent avoir des \u00e9pisodes de vertiges;<\/li>\n<li>Les \u00e9tudes d\u00e9montrent que les personnes \u00e2g\u00e9es ne tombent pas plus uniquement \u00e0 cause de leur \u00e2ge.<\/li>\n<\/ul>\n<p><small>* National institute of health (Institut national de la sant\u00e9)<\/small><\/p>\n<h2><em>La bonne nouvelle?<\/em><\/h2>\n<h3>Vous n\u2019avez pas \u00e0 vivre avec ce probl\u00e8me!<\/h3>\n<p>L\u2019\u00e9quilibre peut \u00eatre grandement am\u00e9lior\u00e9 lorsqu\u2019il est accompagn\u00e9 d\u2019un diagnostic appropri\u00e9. La r\u00e9adaptation sp\u00e9cialis\u00e9e et adapt\u00e9e \u00e0 vos besoins fait toute la diff\u00e9rence. Ceci s\u2019applique tant aux probl\u00e8mes de vertiges positionnels qu\u2019aux autres probl\u00e8mes de vertiges.<\/p>\n<p>Prenez rendez-vous au (450) 741-1060. Nous retournerons votre appel dans les 24 heures.<\/p>\n","protected":false},"excerpt":{"rendered":"<p>SERVICES VESTIBULAIRES: Troubles d\u2019\u00e9quilibre, Vertiges ou \u00c9tourdissements Depuis le 20 janvier 2014,\u00a0madame Annie Collerette, audiologiste form\u00e9e aux \u00c9tats-Unis par le Dr Gans, offre un nouveau service dans au point de services de\u00a0St-Jean-sur-Richelieu (450-741-1060) ou dans les autres points de services sur demande. Il s&rsquo;agit de l&rsquo;\u00e9valuation et la r\u00e9adaptation des probl\u00e8mes de vertiges, d&rsquo;\u00e9quilibre et &hellip; <a href=\"https:\/\/audioconseil.qc.ca\/index.php\/nos-services\/equilibre\/\" class=\"more-link\">Continuer la lecture de <span class=\"screen-reader-text\">\u00c9quilibre<\/span>  <span class=\"meta-nav\">&rarr;<\/span><\/a><\/p>\n","protected":false},"author":2,"featured_media":0,"parent":10,"menu_order":6,"comment_status":"closed","ping_status":"closed","template":"","meta":{"footnotes":""},"class_list":["post-33","page","type-page","status-publish","hentry"],"_links":{"self":[{"href":"https:\/\/audioconseil.qc.ca\/index.php\/wp-json\/wp\/v2\/pages\/33","targetHints":{"allow":["GET"]}}],"collection":[{"href":"https:\/\/audioconseil.qc.ca\/index.php\/wp-json\/wp\/v2\/pages"}],"about":[{"href":"https:\/\/audioconseil.qc.ca\/index.php\/wp-json\/wp\/v2\/types\/page"}],"author":[{"embeddable":true,"href":"https:\/\/audioconseil.qc.ca\/index.php\/wp-json\/wp\/v2\/users\/2"}],"replies":[{"embeddable":true,"href":"https:\/\/audioconseil.qc.ca\/index.php\/wp-json\/wp\/v2\/comments?post=33"}],"version-history":[{"count":2,"href":"https:\/\/audioconseil.qc.ca\/index.php\/wp-json\/wp\/v2\/pages\/33\/revisions"}],"predecessor-version":[{"id":201,"href":"https:\/\/audioconseil.qc.ca\/index.php\/wp-json\/wp\/v2\/pages\/33\/revisions\/201"}],"up":[{"embeddable":true,"href":"https:\/\/audioconseil.qc.ca\/index.php\/wp-json\/wp\/v2\/pages\/10"}],"wp:attachment":[{"href":"https:\/\/audioconseil.qc.ca\/index.php\/wp-json\/wp\/v2\/media?parent=33"}],"curies":[{"name":"wp","href":"https:\/\/api.w.org\/{rel}","templated":true}]}}